e
Let i(h) = 2*h**3 - 6*h**2 + h - 35. Suppose 171*o - 48 = 168*o. Is i(o) composite?
False
Let g be 5 + 6 + -3 - 3. Suppose g*f + 49455 = q + 143203, -37489 = -2*f - 3*q. Is f prime?
True
Let j be (-495)/(-22) - (-12)/8. Suppose 2*b = j*b - 49214. Is b a composite number?
False
Suppose 116*w - 50*w = -57*w + 983139. Is w a composite number?
False
Suppose c = 114*c - 12121058. Is c composite?
True
Let n = -257 + 260. Suppose -12*w = n*o - 17*w - 32811, -2*o - w + 21874 = 0. Is o composite?
False
Let b(s) = -32*s**3 + 13*s**2 - 3*s - 5. Let i be b(-10). Suppose 9*t - 83320 = 4*t - 5*z, 0 = 2*t + z - i. Is t composite?
False
Suppose -z - 8*z - 9 = 0. Is (38132/(-8))/(12/(-8) - z) a prime number?
True
Suppose 0 = -30*y + 17*y - 2*v + 2596231, y + 5*v = 199681. Is y prime?
False
Suppose 3*h + 3*k = -2*k + 25, 3*h - 5*k = 5. Suppose h*m = -793 + 4758. Suppose -7008 + m = -11*r. Is r a composite number?
True
Is 5/(-35)*-5825055 - 20/(-70) composite?
False
Let k(y) be the second derivative of y**5/20 - 5*y**4/12 + y**3/3 + 7*y**2/2 + 33*y. Let l be k(3). Is 4/6*-6 + (-2625)/l a composite number?
False
Let q be 4/(-1) - (5 - 973). Let s = q - 378. Suppose -9*w - s = -11*w. Is w a composite number?
False
Suppose -19*l = -18*l + 3*g - 12796, -4*l = -4*g - 51136. Is l composite?
True
Suppose 2*c = 2, 3*i + 2*c + 637760 = 5*i. Is i a composite number?
False
Let g = 193168 + 88147. Is g a composite number?
True
Let p = 264 - 465. Is 1/(2/5841) + p/(-402) composite?
True
Suppose 2*n = -5*z + 13014, 0 = 37*n - 40*n - z + 19573. Is n a composite number?
True
Suppose -4*p = 4*z - 11804, -4*z - 2*p - p = -11802. Suppose -11*x + z = -43658. Is x prime?
False
Suppose 8*y = -445139 - 22212821. Is 165/57 + -3 - y/95 a prime number?
False
Suppose -4*z + 996100 = -3*p, 126*z - p = 127*z - 249039. Is z composite?
True
Suppose 66195 = 7*z - 79356. Suppose -37*h - z = -789098. Is h a prime number?
False
Let r(l) = -l**3 + 23*l**2 + 51*l - 21. Let x be r(25). Suppose -1259 = -g + x*y, 3*g + 3777 = 6*g - 5*y. Is g a prime number?
True
Is 9 - (263628/(-162))/((-1)/(-36)) a composite number?
True
Let u = -206 + 212. Suppose 7*f - 139 = -u. Is f prime?
True
Let n(g) = -20 - 3*g + 2 - 7. Let a be n(-9). Suppose a = -p + 23. Is p prime?
False
Suppose 5*u - 13 - 12 = 0. Suppose -29985 = -3*r - u*y - 10871, -5*y = -3*r + 19124. Is r composite?
False
Let b = -35 - -37. Suppose -b*u + 2147 - 438 = 3*k, -3*u - 3*k = -2565. Let d = u + 9. Is d a prime number?
False
Let x be (-14)/(2/(-6) - (-10)/(-60)). Suppose -18394 = -x*c - 6*c. Is c a prime number?
True
Is (1436525/(-150))/((-3)/18) a composite number?
True
Let l be (-50687)/(-21) - (-8)/6. Suppose -11*v + l = 677. Is v prime?
False
Let l(r) be the second derivative of 3*r**5/5 - 5*r**4/12 + r**3/6 + 11*r**2 - 20*r. Is l(5) a prime number?
False
Suppose 3*y = c + 84635, -5*y + 217389 = -3*c + 76328. Is y a prime number?
True
Let g(y) = 3*y - 13. Let r be g(3). Let c be (3/r)/((-10)/(-80)). Is (-1)/((24/10436)/c) prime?
True
Let u(o) = 4206*o**3 + 13*o**2 - 19*o + 3. Is u(2) a prime number?
False
Suppose 2*o = -2, 5*x - 322 = x - 2*o. Let f(v) = -1 + 56*v + x*v - 27*v - 26*v. Is f(7) prime?
True
Suppose -10 + 0 = -5*n. Suppose -23*c = n*c - 100925. Is c a composite number?
True
Let s(y) = -y**2 - 3*y + 6. Let n be s(-4). Suppose g + n = 5*m + 4, 3*m = 5*g - 10. Suppose m = -5*q + 3*u + 4725 + 2849, 5*q + 5*u = 7550. Is q composite?
True
Let r(m) = -16349*m**3 - 8*m**2 - 67*m - 125. Is r(-2) a prime number?
True
Let s = -127 + 441. Suppose -3*i = -4*i - 5*g - s, -1612 = 5*i + 4*g. Let b = 259 - i. Is b a composite number?
True
Let p(i) = -631*i**3 + 2*i + 1. Let v be p(-1). Let w = 145 - 524. Let z = v + w. Is z composite?
False
Let q = -202182 - -307501. Is q a prime number?
True
Let o(u) = u**3 - 9*u**2 - 10*u + 7. Let r(g) = g**3 + 6*g**2 - 11*g - 4. Let n be r(-8). Let i be (n/(-6))/(4/6). Is o(i) composite?
False
Suppose 38*y = 41083 + 31003. Is y a prime number?
False
Suppose -3*d + 12*y - 16*y + 10 = 0, 5*y = 5*d - 5. Suppose 27999 = 2*v + 5*h, -3 = d*h - 5. Is v composite?
False
Let m(a) = -a**3 - 45*a**2 - 25*a + 423. Is m(-50) prime?
True
Suppose -4*a - 16368 + 104983 = -28269. Is a prime?
True
Suppose -3*j + 66 = -6. Let i be (-594)/(-21) - (j/(-14) - -2). Suppose -h + i = -15. Is h prime?
True
Suppose 2*h - 2*a = 11873 + 293, -5*a = -30. Is h a composite number?
False
Is (-3)/6*(-89196 + 38) composite?
False
Let v(n) = 138*n - 139. Let s be v(-10). Let p = 6610 + s. Is p composite?
True
Let o(h) = h**3 - 9*h**2 + 14*h + 5. Let k be o(7). Suppose -2*j + 442 + 1440 = -3*u, -3*j = -k*u - 3135. Let r = u + 1421. Is r a composite number?
False
Let h = 1899 - -28. Suppose 4*i - 4689 = h. Is i composite?
True
Let z be -7*(-2 - -4)/(-2 - 0). Is ((-2)/z)/(4/7)*-7522 a prime number?
True
Let u = -9 - -15. Suppose 3*s = -u*s + 67140. Suppose 5*m - m - s = 0. Is m prime?
False
Let n(o) = -11145*o + 482. Is n(-4) a prime number?
False
Suppose -4*z + 628 = i + 22449, 3*z + 3*i = -16368. Let w = 8244 + z. Is w composite?
False
Let i = 10626 + -4297. Is i a composite number?
False
Let t(c) = c**2 + 19*c - 50. Let g be t(-44). Suppose 196 = l - 3*y - 2*y, 0 = -l + 3*y + 190. Let k = g - l. Is k a prime number?
False
Suppose 8*s - 138040 = 502848. Is s prime?
True
Let t(w) = w**2 + 7*w + 10. Let d be t(-5). Let h be (d - -5)/(4 + (0 - 3)). Suppose h*n = -20, 2*n = 3*y - y - 1374. Is y a prime number?
True
Let v(u) = 63*u**2 - 39*u + 1003. Is v(20) composite?
False
Suppose 15*q - 3*m = 15639063, 0*m - 1042579 = -q - 4*m. Is q prime?
False
Suppose 0*k - 393 = -5*c - k, k = -2*c + 156. Let v(r) = -2*r**3 - 7*r**2 + 10*r - 9. Let g be v(-5). Let m = c + g. Is m composite?
True
Suppose 3*f - 5*i - 140048 = 0, -f + i - 46696 = -2*f. Suppose -25*o + f = -41934. Is o prime?
False
Let w(p) = 93*p**2 - 219*p - 14395. Is w(-69) a prime number?
True
Let a(n) = -3*n**3 + n**2 - 2*n + 15. Let x be a(3). Is x*(-5 - -1) - (3 - 2) prime?
True
Suppose 0 = m - 3*m + 3*x + 55, -56 = -2*m + 4*x. Is (-708408)/(-936) + 2*2/m a composite number?
False
Suppose 0*p + 2*p - 158434 = 3*z, 3*z + 79211 = p. Let f = -47430 + p. Is f composite?
False
Let r(f) = 9*f**3 - 27*f**2 - 69*f + 174. Let z be r(47). Is (-1)/(-6) - z/(-162) prime?
True
Let i = -105 + -38. Let o = i + 347. Suppose o + 1451 = 5*v. Is v composite?
False
Suppose 3*b = 9, 26538 = -3*c + b - 6*b. Let q = -932 - c. Is q a composite number?
False
Let h(l) = -l**2 - 9*l - 13. Let r be h(-8). Let u be -11 - (-2)/4*(-30)/r. Let k(d) = -42*d + 37. Is k(u) composite?
False
Let g = 3448 - 3445. Let l(b) = -10*b**3 - 11*b**2 - 4*b + 8. Let w be l(-7). Suppose -6978 = -g*u + 3*v, w = -2*u + 5*v + 7594. Is u composite?
True
Suppose 0 = 5*h - m + 569, -h - 3*m = -m + 105. Let r = h + 3796. Is r prime?
False
Let a(x) = -127*x - 11. Let w(h) = -h + 3. Let r be w(-1). Let c(y) = 3*y**2 - 15*y + 6. Let j be c(r). Is a(j) a prime number?
True
Let k = -12 + -27. Let c be (4 - (-34)/6)*k. Let f = c + 536. Is f a composite number?
True
Let c(k) = 2*k**3 + k**2 + 4*k - 2. Let x be c(-4). Let i = x - -124. Is 251 - (16/i - (-14)/21) prime?
False
Let j = 8151 + -1815. Suppose -4*x + 21508 - j = 0. Is x prime?
True
Let h(f) = 3630*f**2 + 128*f + 403. Is h(-3) prime?
False
Let h(c) be the first derivative of -c**4/4 + 16*c**3/3 + 6*c**2 - 16*c + 16. Let a be h(13). Is a/3*-1*(-6 + 3) prime?
True
Let j(l) = l**2 - l - 3. Let f be j(3). Let x(b) = 4*b - 10. Let k be x(f). Is 106/(-4)*(-7 - (9 - k)) a prime number?
False
Suppose 0 = 4*z - p - 1766135, 1019*z - 1016*z = p + 1324602. Is z a prime number?
False
Suppose -x + 7 - 2 = 0. Suppose -49*q + 8763 = -12944. Suppose -x*h + 2672 = -q. Is h a prime number?
False
Let y be ((-6)/(-9))/((-22)/(-141603)). Suppose y = 3*d + 5*g, g + 2017 = d + 584. Let w = d - 943. Is w a composite number?
True
Let f be (6/(-5))/(-2 + (-201)/(-105)). Suppose 25*o = f*o + 436249. Is o prime?
True
Let v be (4*4/(-12))/(4/(-6006)). Let c = v + 3507. Is c a composite number?
True
Suppose 5*i - 85 - 346 = 3*c, 0 = i - 4*c - 76. Suppose 4*y + 4*u + 80 = -0*y, -4*y - i = -4*u. Is 0 + 270 - (22 + y) composite?
False
Suppose -i - 3 = 0, -94*g + i = -96*g + 51779. Is g a composite number?
True
Let o be